+ 5570. Give k(-72).
26
Let z(k) = -k**3 - 14*k**2 - 24*k + 199. Calculate z(-7).
24
Let i(x) = -10*x**3 + 4*x**2 - 20*x - 42. Calculate i(-3).
324
Let i(s) = s**2 + 219*s + 8395. Give i(-52).
-289
Let q(j) = j**3 + 21*j**2 - 1401*j + 10007. Determine q(22).
-3
Let b(i) = -i**2 - 1653*i + 951419. What is b(452)?
-41
Let o(i) = -i**2 + 7942*i - 465102. What is o(59)?
-5
Let i(l) = 2608*l + 12858. Give i(-5).
-182
Let p(r) = r**2 - 5129*r - 82259. Determine p(-16).
61
Let o(r) = 351*r - 908. Calculate o(5).
847
Let u(x) = 108861*x + 544301. What is u(-5)?
-4
Let c(a) = -8*a**2 - 265*a + 1608. Calculate c(-38).
126
Let u(m) = m**3 + 27*m**2 - 648*m - 79. Give u(-42).
677
Let x(a) = -a**3 - 167*a**2 - 3694*a - 710. Determine x(-26).
18
Let q(i) = -3*i**3 - 28*i**2 + 439*i + 2991. Give q(-7).
-425
Let l(v) = v**3 - 129*v**2 + 3779*v - 29. Calculate l(45).
-74
Let f(l) = 7*l**2 + 6*l + 888. Calculate f(0).
888
Let g(j) = -9*j + 327. Determine g(10).
237
Let q(r) = -3*r**2 - 86*r - 294. Give q(-15).
321
Let y(c) = 24*c**3 + 239*c**2 - 13*c - 35. Determine y(-10).
-5
Let t(g) = g**3 + 183*g**2 - 213*g - 38848. Calculate t(-183).
131
Let x(u) = -128*u + 1256. Calculate x(9).
104
Let n(q) = 5791*q - 2160066. Calculate n(373).
-23
Let s(n) = -n**2 - 2317*n - 146384. What is s(-65)?
-4
Let q(h) = -h**3 - 18*h**2 + 36*h - 429. What is q(7)?
-1402
Let m(t) = 1245085*t + 2490172. Determine m(-2).
2
Let c(w) = 169618*w + 1017689. Calculate c(-6).
-19
Let b(a) = 472*a - 28788. Calculate b(61).
4
Let f(g) = g**2 - 78*g - 262. Determine f(61).
-1299
Let i(m) = -m**3 - 18*m**2 + 2*m + 7. What is i(2)?
-69
Let g(c) = -2*c**2 - 253*c - 8356. Give g(-77).
-733
Let n(w) = w**3 + 22*w**2 + 3*w + 5951. What is n(-29)?
-23
Let v(b) = 2*b**2 - 196*b - 13716. What is v(158)?
5244
Let y(a) = 306*a**2 - 543*a + 1080. Give y(2).
1218
Let w(h) = -27120*h + 786483. Calculate w(29).
3
Let n(i) = -22489*i + 3485772. Calculate n(155).
-23
Let o(d) = 42343*d - 3006359. Give o(71).
-6
Let c(p) = 42*p**2 - 232*p - 25. What is c(5)?
-135
Let k(v) = 2*v**2 - 7157*v + 6290258. Determine k(1552).
2
Let m(t) = -476*t - 23012. Calculate m(-48).
-164
Let w(y) = 85674*y - 942409. Calculate w(11).
5
Let w(r) = -r**3 + 25*r**2 + 91*r - 2042. What is w(27)?
-1043
Let f(h) = -2*h**2 - 6*h + 269. Determine f(13).
-147
Let s(x) = 3*x**3 + 139*x**2 + 39*x - 171. Calculate s(-46).
151
Let x(l) = 3009*l + 21263. What is x(-7)?
200
Let u(r) = 4695*r + 201878. Determine u(-43).
-7
Let d(x) = 3744*x - 168851. Determine d(45).
-371
Let m(b) = 39*b - 15427. What is m(396)?
17
Let y(j) = -2*j**3 + 33*j**2 + 290*j - 3010. Give y(20).
-10
Let s(d) = 3*d**3 + 457*d**2 + 2775*d + 96. Calculate s(-146).
-50
Let u(d) = 67*d**2 + 1989*d + 3980. Give u(-2).
270
Let i(r) = 14*r**3 - 4*r**2 + 79*r - 150. Give i(2).
104
Let s(z) = 6*z**3 - 488*z**2 + 1569*z - 307. What is s(78)?
395
Let g(w) = -14*w**2 - 705*w - 6045. Give g(-11).
16
Let w(z) = -718*z**2 + 53142*z - 691. What is w(74)?
49
Let q(r) = -14*r**2 + 137*r - 646. Give q(5).
-311
Let v(w) = 4*w**3 - 13*w**2 + 118*w - 392. Calculate v(4).
128
Let f(v) = v**3 - 44*v**2 - 440*v + 4245. Give f(51).
12
Let r(j) = -5108*j - 2214. Calculate r(-1).
2894
Let r(q) = -31*q**2 - 54*q + 191. Determine r(3).
-250
Let t(r) = 4442*r - 2140917. What is t(482)?
127
Let i(s) = -6*s**3 - 53*s**2 + 60*s + 512. What is i(-9)?
53
Let f(o) = -o**3 - 67*o**2 + 2943*o - 1001. Calculate f(30).
-11
Let n(b) = 42*b**2 + 404*b + 617. Determine n(-2).
-23
Let u(m) = m**2 + 1168*m + 16147. What is u(-14)?
-9
Let x(m) = -17982*m + 557442. Give x(31).
0
Let h(r) = r**2 + 141*r - 31951. Give h(122).
135
Let l(w) = w**3 - 46*w**2 + 270*w - 8006. What is l(44)?
2
Let t(k) = k**3 + 10*k**2 + 27*k - 336. Give t(8).
1032
Let s(f) = 23*f**3 - 88*f**2 + 16*f - 32. Determine s(2).
-168
Let u(i) = -1155*i + 5962. Give u(5).
187
Let j(g) = g**3 + 1937*g**2 - 15520*g + 22. What is j(8)?
342
Let c(d) = 2*d**2 + 1637*d - 18105. What is c(11)?
144
Let o(r) = -38207*r + 9780955. Give o(256).
-37
Let i(u) = -395*u**2 - 151282*u + 1146. Calculate i(-383).
-3
Let w(h) = -22*h**2 + 1617*h + 4855. Calculate w(-3).
-194
Let c(i) = -2*i**2 - 97*i + 8273. Give c(-93).
-4
Let o(r) = -3*r**3 - 691*r**2 - 3397*r - 54. Determine o(-5).
31
Let s(t) = 68*t**2 + 3466*t - 166. What is s(-51)?
-64
Let o(m) = -2*m**3 + 78*m**2 + 143*m + 876. Calculate o(41).
15
Let j(u) = 72*u + 895. Calculate j(-12).
31
Let y(n) = -90*n**2 + 179*n + 478. Calculate y(9).
-5201
Let k(j) = -4*j**3 + 329*j**2 - 82*j - 467. Give k(82).
-467
Let f(j) = 76*j**3 + 335*j**2 + 11*j - 9. Give f(-4).
443
Let a(p) = -3879*p + 4342. What is a(1)?
463
Let a(l) = 7*l**2 - 6745*l + 20162. Determine a(3).
-10
Let x(f) = 37*f**3 + 660*f**2 - 119*f - 191. Calculate x(-18).
7
Let l(c) = -1504*c + 30717. What is l(20)?
637
Let n(d) = d**3 - 59*d**2 - 1589*d - 4219. Calculate n(-3).
-10
Let g(q) = -104*q**2 + 1071*q - 2174. Calculate g(8).
-262
Let m(l) = -6241375*l + 12482750. What is m(2)?
0
Let u(m) = m**2 - 205*m - 12265. Determine u(-47).
-421
Let t(m) = 2315*m + 849608. Calculate t(-367).
3
Let t(b) = 110*b**3 - 11*b**2 + 40*b - 160. Calculate t(3).
2831
Let o(w) = -w**3 - 7*w**2 + 2848*w + 11409. Determine o(-4).
-31
Let f(s) = 2*s**2 + 89*s + 858. Determine f(-12).
78
Let h(q) = 570*q**2 - 12*q + 5. What is h(0)?
5
Let q(t) = -t**3 + 116*t**2 + 123*t + 42823. What is q(120)?
-17
Let u(m) = -759393*m - 12150285. Calculate u(-16).
3
Let a(c) = -3936*c + 17708. Calculate a(4).
1964
Let n(h) = 53*h**3 - 311*h**2 + 6*h - 290. Calculate n(6).
-2
Let d(v) = v**2 + 4961*v - 200116. Determine d(40).
-76
Let m(w) = 355*w + 23767. Determine m(-69).
-728
Let h(t) = -6765*t + 338216. Calculate h(50).
-34
Let s(m) = -199*m - 3045. Give s(-7).
-1652
Let a(y) = 1850*y + 31931. Calculate a(-17).
481
Let v(r) = -366*r**2 - 2204*r - 111. What is v(-6)?
-63
Let g(l) = -3397*l**3 + 5*l**2 - 36*l + 29. What is g(1)?
-3399
Let c(m) = -11962*m + 59840. Give c(5).
30
Let j(f) = 1151*f + 65613. Give j(-57).
6
Let n(z) = -z**2 + 472*z - 38633. What is n(100)?
-1433
Let w(a) = a**2 - 65*a + 117. Determine w(2).
-9
Let i(h) = -4*h**2 - 771*h + 16098. Give i(19).
5
Let y(r) = -182518*r + 1825074. Calculate y(10).
-106
Let m(j) = j**3 - 99*j**2 - 80*j - 166. Calculate m(100).
1834
Let c(a) = -1349*a**2 + 12127*a + 64. Give c(9).
-62
Let f(y) = 239*y**3 - 4779*y**2 - 33*y + 246. Determine f(20).
-14
Let q(f) = 11812*f - 94420. What is q(8)?
76
Let b(o) = -o**3 + 77*o**2 - 666*o - 293. Give b(67).
-25
Let x(w) = -28104*w + 14670285. Determine x(522).
-3
Let b(o) = -o**3 - 122*o**2 - 365*o + 724. Determine b(-119).
1676
Let m(l) = 18*l**2 - 1728*l + 41102. Give m(43).
80
Let y(p) = -3*p**3 + 367*p**2 - 146*p + 2729. What is y(122)?
-199
Let f(j) = 4336*j - 47721. Calculate f(11).
-25
Let w(o) = 1398*o - 53117. Calculate w(38).
7
Let b(y) = -12*y**2 + 64*y + 2887. Calculate b(-13).
27
Let i(s) = s**3 + 38*s**2 + 144*s - 1711. What is i(-32)?
-175
Let p(g) = 76993*g - 2155782. Calculate p(28).
22
Let w(i) = -208*i - 2968. Determine w(-14).
-56
Let y(u) = -327*u - 57393. Calculate y(-171).
-1476
Let g(i) = i**3 - 1580*i**2 - 6435*i + 156806. What is g(1584)?
-10
Let s(k) = k**3 + 11*k**2 - 691*k - 7787. Determine s(-11).
-186
Let g(p) = 108*p - 4867. Give g(63).
1937
Let b(c) = 2*c**3 + 41*c**2 - 129*c - 258. What is b(-23)?
64
Let m(v) = -v**2 + 79*v + 3767. What is m(115)?
-373
Let f(m) = 2*m**2 + 192*m - 9572. Calculate f(42).
2020
Let z(t) = 6*t**3 + 85*t**2 + 266*t + 10. Give z(-5).
55
Let w(d) = -3*d**3 - 215*d**2 - 1936*d + 977. Determine w(-61).
1
Let y(q) = 4*q**3 + 3*q**2 - 59*q - 100. What is y(-9)?
-2242
Let s(n) = -69*n + 288. Give s(-4).
564
Let z(y) = -2*y**3 - 904*y**2 + 8314*y - 3. What is z(9)?
141
Let v(h) = 152*h**2 + 160*h + 443. Give v(-3).
1331
Let k(v) = -6188*v + 142315. Give k(23).
-9
Let a(x) = -78*x**2 + 212*x + 890. Calculate a(5).
0
Let d(y) = y**3 + 58*y**2 - 234*y - 12. Give d(4).
44
Let a(m) = -9*m**2 - 1660*m + 6868. Calculate a(4).
84
Let l(r) = -56206*r - 25854755. Give l(-460).
5
Let u(r) = -47*r**2 - 780*r - 2980. Calculate u(-6).
8
Let i(c) = -c**3 - 83*c**2 - 34*c - 17297. What is i(-85)?
43
Let r(n) = 4*n**3 + 1172*n**2 - 51*n - 14830. What is r